428 + 2?
442a
In base 4, what is -3 + -23123330?
-23123333
In base 15, what is -a6e + -24?
-a93
In base 15, what is -6875 - -c?
-6868
In base 12, what is -60 - -1001?
b61
In base 7, what is 122623 + -11?
122612
In base 15, what is -8eacc - -4?
-8eac8
In base 13, what is -22 - 941c?
-9441
In base 8, what is 73072 + 31?
73123
In base 15, what is -3 + -e50?
-e53
In base 4, what is -132 - 3012?
-3210
In base 7, what is 13 - -5143?
5156
In base 12, what is -238a1 + -15?
-238b6
In base 6, what is 30 + -125514?
-125444
In base 10, what is 2 - -17767?
17769
In base 14, what is 2867 - 1b6?
2691
In base 10, what is -2 - -1019551?
1019549
In base 6, what is -5 - 4150453?
-4150502
In base 4, what is 3 + 1311002?
1311011
In base 15, what is 428 - -46?
46e
In base 11, what is -101 + -36?
-137
In base 8, what is 234 - 5047?
-4613
In base 3, what is -12102 + 21210?
2101
In base 2, what is -1110 + 11000000000111011?
11000000000101101
In base 13, what is 61 + -6b5?
-654
In base 2, what is -10111111 - 111000011?
-1010000010
In base 2, what is -1111110010001001011 + -100?
-1111110010001001111
In base 8, what is -3677 + -37?
-3736
In base 10, what is -2 + -9472?
-9474
In base 2, what is -110010 + 10000100010110?
10000011100100
In base 8, what is -154 - -2?
-152
In base 8, what is 270 - -1556?
2046
In base 8, what is -60361 + 167?
-60172
In base 10, what is 10 - -10714?
10724
In base 2, what is -100111100001 + 11111100011?
-111111110
In base 4, what is 102311000 + 3?
102311003
In base 14, what is 52 + a48?
a9a
In base 3, what is 2001 - -2002?
11010
In base 2, what is 1000111101001100110 + 101?
1000111101001101011
In base 4, what is 303 - -22212?
23121
In base 15, what is 3e4 + -b?
3d8
In base 4, what is 120 + -133302?
-133122
In base 15, what is 503 - c70?
-76c
In base 12, what is -3 + 1ba488?
1ba485
In base 14, what is 12033a - 5?
120335
In base 6, what is -1002153 + 201?
-1001552
In base 14, what is -2d7c + -a?
-2d88
In base 6, what is -3014153 - 3?
-3014200
In base 7, what is -1322 - -63?
-1226
In base 14, what is 847d0 - 3?
847cb
In base 6, what is 231 + -14322?
-14051
In base 11, what is 5 + -48992?
-48988
In base 5, what is -3433 - 1134?
-10122
In base 10, what is 5509 - -19?
5528
In base 6, what is 4 + 211122?
211130
In base 14, what is -2 - 2d809?
-2d80b
In base 8, what is -2 - -555126?
555124
In base 12, what is -50 + -17?
-67
In base 14, what is cb - -9a6?
a93
In base 14, what is 12 + 16b90?
16ba2
In base 15, what is 118 + 35?
14d
In base 15, what is -4a35b - 0?
-4a35b
In base 9, what is -2 + -550530?
-550532
In base 4, what is -123102 + 30?
-123012
In base 4, what is -1123 + 32130?
31001
In base 9, what is -3 + 343800?
343786
In base 11, what is 1046525 + 5?
104652a
In base 13, what is 16 - 1a99?
-1a83
In base 11, what is -95960 - 1?
-95961
In base 8, what is -2 + -13516?
-13520
In base 11, what is -5 + -2308?
-2312
In base 13, what is -1b52 + 3?
-1b4c
In base 8, what is -7 - -4?
-3
In base 2, what is 100001101111 + 10001100?
100011111011
In base 14, what is -a06 - 44?
-a4a
In base 10, what is -1661 + 349?
-1312
In base 15, what is -117e7 + -2?
-117e9
In base 8, what is -4542141 + 5?
-4542134
In base 14, what is 9 - -45460?
45469
In base 5, what is 1034 - -200414?
202003
In base 8, what is 13 + -1403?
-1370
In base 3, what is 11020121 - -212?
11021110
In base 16, what is 2ad6 + 5?
2adb
In base 3, what is -212 - -222010?
221021
In base 14, what is 11b78 - 7?
11b71
In base 16, what is 12f469 + 1?
12f46a
In base 4, what is -3 - 12030101000?
-12030101003
In base 9, what is -247422 - 1?
-247423
In base 15, what is -1 - -1b0b9?
1b0b8
In base 13, what is -133 - 23c?
-372
In base 9, what is -186 + -21052?
-21248
In base 13, what is -44bb - -8?
-44b3
In base 11, what is -21446a + 3?
-214467
In base 2, what is -11 - 100111000100100?
-100111000100111
In base 15, what is 1 - 7db4?
-7db3
In base 12, what is 7ab - -185?
974
In base 10, what is -1821 + 81?
-1740
In base 5, what is -402 - -2424?
2022
In base 11, what is 291 - -2a?
310
In base 8, what is 3 - 12627?
-12624
In base 6, what is 1 - 311015?
-311014
In base 16, what is a5 - -1b1?
256
In base 8, what is 5 - -4541?
4546
In base 2, what is 10001101110 + -111001?
10000110101
In base 15, what is -b6743 - 1?
-b6744
In base 15, what is 5 - -2ace?
2ad4
In base 12, what is 7 + 162?
169
In base 4, what is 1000 + -2102132?
-2101132
In base 2, what is -1 + 1100001011010111?
1100001011010110
In base 10, what is 344 - -733?
1077
In base 14, what is 1 + -3cc6?
-3cc5
In base 5, what is -31212123 + 2?
-31212121
In base 16, what is -6df - -1b?
-6c4
In base 4, what is -11 + 3332320132?
3332320121
In base 14, what is -12 + -1091?
-10a3
In base 9, what is -5 - -1761861?
1761855
In base 6, what is -20 + -423?
-443
In base 12, what is -b1 + b16?
a25
In base 15, what is -1a + -d33?
-d4d
In base 15, what is -3beb - -1?
-3bea
In base 14, what is 55a7b + 2?
55a7d
In base 14, what is 2 + 20cd8?
20cda
In base 16, what is -c7615 - 4?
-c7619
In base 5, what is -4 + -110332?
-110341
In base 4, what is 2322031 - 1012?
2321013
In base 15, what is 3 - 3225?
-3222
In base 16, what is 611 + -107?
50a
In base 9, what is 1 - 37775?
-37774
In base 8, what is -2406 + -41?
-2447
In base 3, what is -2101 - -201211?
122110
In base 3, what is -20221 - 20120?
-111111
In base 2, what is 11 + -1001101010111?
-1001101010100
In base 2, what is 0 + 10011101010001110110?
10011101010001110110
In base 4, what is 11 + 203103322?
203103333
In base 2, what is -1000110101110 + -11?
-1000110110001
In base 7, what is 213 + 406?
622
In base 6, what is -1313 + 35301?
33544
In base 11, what is 5 + -389a?
-3895
In base 7, what is -1500 - 455?
-2255
In base 12, what is -5 - -4170?
4167
In base 8, what is 17 + -7556?
-7537
In base 10, what is -534 - 115?
-649
In base 3, what is 210 - -1200120?
1201100
In base 10, what is 15 - 34?
-19
In base 13, what is 57 + -2065?
-200b
In base 2, what is 1 + 1111011011011?
1111011011100
In base 16, what is 8acb - 1?
8aca
In base 4, what is 121 - 1333133?
-1333012
In base 6, what is 5 + 153220?
153225
In base 4, what is -200311 + -11231?
-212202
In base 15, what is -1 + 18978?
18977
In base 13, what is 5 - 40436?
-40431
In base 7, what is 21331 - 3?
21325
In base 3, what is -121122202 + -222?
-121200201
In base 14, what is -1072 - -52?
-1020
In base 7, what is 11 - -3405?
3416
In base 15, what is 0 + -1c43?
-1c43
In base 16, what is 1c + 1cc9?
1ce5
In base 16, what is 3e3 - -3?
3e6
In base 2, what is 101 - 110001000000001001001?
-110001000000001000100
In base 8, what is 322162 + -4?
322156
In base 10, what is 4 - -200655?
200659
In base 13, what is -2 + 13766?
13764
In base 5, what is -124 + -2232?
-2411
In base 5, what is 224302 - 123?
224124
In base 12, what is -2 - -7a26?
7a24
In base 11, what is -38108 + 3?
-38105
In base 4, what is 2 - 220112020?
-220112012
In base 10, what is -27950 + 42?
-27908
In base 15, what is -5 + -62d7?
-62dc
In base 9, what is 6747 + -4?
6743
In base 14, what is -2 + -71c9?
-71cb
In base 16, what is b1 - 26?
8b
In base 15, what is -3bd + -228a?
-2658
In base 2, what is 10101 - -10011000000000?
10011000010101
In base 10, what is 35 + 8558?
8593
In base 11, what is -149538 - 11?
-149549
In base 3, what is -12 + 101102011122?
101102011110
In base 3, what is 2 + 1002200111102?
1002200111111
In base 9, what is -7680362 + 3?
-7680358
In base 9, what is 604243 - 4?
604238
In base 15, what is 39 + 584d?
5887
In base 7, what is -4 - 63436?
-63443
In base 4, what is 1322 - 2210?
-222
In base 3, what is 220010200 - -202?
220011102
In base 7, what is 146564 + 1?
146565
In base 13, what is -3 - -11640?
1163a
In base 15, what is -4 + 73d6?
73d2
In base 14, what is 43 - -29a?
2dd
In base 5, what is 3142223 - 2?
3142221
In base 16, what is 3 + -8a3a?
-8a37
In base 9, what is 61308 + -1?
61307
In base 7, what is -160 + -2466?
-2656
In base 10, what is 5 - -780681?
780686
In base 8, what is 4 - 417165?
-417161
In base 9, what is -182238 - 2?
-182241
In base 4, what is -1020 - 221121?
-222201
In base 6, what is 3 - 254200?
-254153
In base 14, what is 2 - 3341?
-333d
In base 14, what is -2908a6 - 1?
-2908a7
In base 4, what is 12030 - -1003?
13033
In base 16, what is -13a3 - 0?
-13a3
In base 5, what is 234 - -421232?
422021
I